 factors of i.
2, 31
What are the prime factors of (-18103)/(-23) - 10/115?
787
Let t(l) = 2*l - 3*l**2 + l**3 - 8*l + 2*l**2 - 2*l**3 - 21. What are the prime factors of t(-6)?
3, 5, 13
Suppose 9*u = 16*u - 175. Let r = 72 - u. List the prime factors of r.
47
Let n be 180/24*(-20)/6. Let u = n - -94. List the prime factors of u.
3, 23
Let s(j) = -j**2 + 9*j + 12. Let u be s(10). Suppose -2*t - 5*d + 179 = 0, -u*d + 62 = t - 5*d. List the prime factors of t.
7, 11
Suppose 0*n - 4*n - a = -23, 3*n - a = 12. Let t = 23 - 18. Suppose 3*w = -n*v - w + 135, -w = -t. What are the prime factors of v?
23
Suppose 14*c + 354 = 13*c. What are the prime factors of c/(-30) - (-2)/10?
2, 3
Let d(m) = -m**2 + 12*m - 1. Let w be d(13). Let r(z) = -4*z - 9. Let p be r(w). Let o = p - 32. What are the prime factors of o?
3, 5
Let y be 1/2*(3 - 13). Let r(f) = f**2 + 5*f + 5. Let q be r(y). Suppose k - 39 = -q*p, 0*k - 5*k + 2*p + 141 = 0. List the prime factors of k.
29
Let g = -10 + 859. List the prime factors of g.
3, 283
List the prime factors of 586/2 - (-24)/(-5 - -9).
13, 23
Suppose -11*m + 10635 = 4*m. List the prime factors of m.
709
Suppose 0 = 5*l + 8*l - 4641. Let v = l + -104. List the prime factors of v.
11, 23
Let h(g) = 61*g - 34. Let i be h(24). Suppose -3*p = 2*p - i. What are the prime factors of p?
2, 11, 13
Suppose 7*j = 598 + 1761. What are the prime factors of j?
337
Let o(a) = 4*a**2 + 13*a + 14. Let k = 150 + -154. List the prime factors of o(k).
2, 13
Let x be (-4)/18 + (-392)/(-63). Suppose x*h = 34 + 38. Suppose 2*y + t = h, 5*y = 2*t - 15 + 54. What are the prime factors of y?
7
Let k be (100/(2*-2))/1. Let j be k/(-10) + 1/(-2). Suppose -3*v = j*v + 2*t - 136, -5*t = 5*v - 145. List the prime factors of v.
2, 13
Let c = 179 - -839. List the prime factors of c.
2, 509
Let z = 11397 + -4872. What are the prime factors of z?
3, 5, 29
Let d = -2605 - -4622. What are the prime factors of d?
2017
Let w be 4/(1/5*5). Suppose 55 = w*g - 101. List the prime factors of g.
3, 13
Suppose b - 2*g = 14, 0 = -b + 3*b - g - 25. What are the prime factors of b?
2, 3
What are the prime factors of (-2)/8 - (-150876)/48?
7, 449
Let t(x) = -x - 2. Suppose 5*m + 20 = -10. Let y be t(m). Suppose 5*b - 128 = -3*o, o + 168 = 5*o + y*b. What are the prime factors of o?
41
Suppose -n = -3*v - 5*n + 2894, 4870 = 5*v - 5*n. What are the prime factors of v?
2, 5, 97
Let x(j) = 6*j**3 + j**2 - 2. Let q be x(1). Suppose q*k = 9*k - 272. What are the prime factors of k?
2, 17
List the prime factors of 242/(-3)*(-90)/12.
5, 11
Suppose -37 + 3 = -3*g + 4*t, 5*g - 38 = 2*t. List the prime factors of (2 - -1)/(g/94).
47
Suppose -9*w + 446 - 104 = 0. Let q(a) = 3*a - 10. Let t be q(8). Suppose 0 = n - w + t. What are the prime factors of n?
2, 3
Suppose -2*n + u = 3*u - 28, 4*n - 2*u = 32. Suppose -5*j = -5*m - 90 + 15, 5*m = n. List the prime factors of j.
17
Let m be -2 + 2/4*4. Suppose -2*i + 237 + 121 = m. List the prime factors of i.
179
Let v(a) = a**2 - 12*a + 28. List the prime factors of v(30).
2, 71
Suppose m + 3*h + 6 = 0, -3*m = -m + 2*h. Suppose -5*k + x + 311 = 0, 2*k - x - 122 = -m*x. What are the prime factors of k?
2, 31
Suppose 62*m = 54*m - 16. Let a(h) = 2*h**2 + h + 5. Let z(x) = x**2 + x - 1. Let g(q) = a(q) + 3*z(q). What are the prime factors of g(m)?
2, 7
Let p be 60/(-9)*33/(-2). Suppose -d + 71 + 115 = 5*k, -d - p = -3*k. What are the prime factors of k?
37
Let g = -1571 + 2243. List the prime factors of g.
2, 3, 7
Suppose 672 = l - 2*d - 239, -3*d + 1829 = 2*l. List the prime factors of l.
11, 83
Let z = 346 + -225. List the prime factors of z.
11
Let a(c) = c**3 + 7*c**2 - 15*c + 8. Let q = 50 + -58. List the prime factors of a(q).
2
Suppose -5*a + 318 + 1242 = 0. List the prime factors of a.
2, 3, 13
List the prime factors of (12/4)/(-3*(-2)/262).
131
Suppose -4*k - 4*o = -5492, -2*k + 5*o + 2760 = -0*k. What are the prime factors of k?
5, 11
What are the prime factors of 47091/(-11 + 22)*1?
3, 1427
Let p = 21 + 2. Suppose -z + p = 4. Let o = z + 1. List the prime factors of o.
2, 5
What are the prime factors of (184/(-5))/((-2)/45) + -5?
823
Let u(z) = z**2. Let w be u(0). Suppose -5*s + w*s + 5 = 0. What are the prime factors of s/4 - 495/(-36)?
2, 7
Let y = -505 - -1139. What are the prime factors of y?
2, 317
Let b = 2661 - 1456. List the prime factors of b.
5, 241
Let g(z) be the first derivative of -z**4/4 + 5*z**3/3 + 7*z**2/2 - 6*z - 87. Suppose a - 2 = 3. List the prime factors of g(a).
29
Let w(j) = 6*j - 5*j - 63 + 66 + j**2. List the prime factors of w(-3).
3
Suppose 8*c + 4 = 9*c, 5*a + 5*c = 580. Let z = 145 - a. List the prime factors of z.
3, 11
Suppose 9 + 11 = 4*i. Suppose -l - l = i*s - 40, 79 = 5*l + 2*s. List the prime factors of 430/l*(-9)/(-6).
43
Let u = -308 + 183. Let h = u - -173. What are the prime factors of h?
2, 3
Suppose 0*s = 6*s. Suppose s = -2*z + 34 + 78. List the prime factors of z.
2, 7
Suppose -135*r = -149*r + 25326. List the prime factors of r.
3, 67
Suppose 26*f - 29*f - 165 = 0. What are the prime factors of f/(3/((-3)/(-1))*-1)?
5, 11
Suppose 4*q = 35 - 7. Suppose 0 = 3*g - 6, 3*j - 274 = -0*j + g. Suppose -j - q = -3*b. List the prime factors of b.
3, 11
Let b(j) = -2*j**2 - 6*j + 7. Let k be b(-8). Let x = 166 + k. What are the prime factors of x?
3, 31
Suppose 2 = 6*l - 5*l. Suppose -4*u = -l*m + 6*m - 48, -2*u = -4*m + 72. List the prime factors of m.
2
Suppose 0 = -377*o + 385*o - 8704. List the prime factors of o.
2, 17
Let y(p) = -9*p**3 - 10*p**2 - 12*p + 5. List the prime factors of y(-7).
2, 17, 79
Suppose 5*w + 3 + 8 = -x, 2*w = -2*x - 54. Let p = x + 114. What are the prime factors of p?
83
List the prime factors of (20/(-40))/(1/(-542)).
271
Suppose 2*j = -4*o + 1962 + 6728, 3*j = 3*o + 13062. What are the prime factors of j?
19, 229
Suppose 0 = 101*g - 103*g + 124. Let u = 90 - g. List the prime factors of u.
2, 7
Let s(n) = -n**3 - 18*n**2 + 32*n - 60. What are the prime factors of s(-20)?
2, 5
Suppose 11 = 3*h - 4. Suppose 3*r - h - 7 = 0. Suppose -r*u = -2*y + u + 87, 2*y = -5*u + 57. List the prime factors of y.
2, 3
Let g = -5 + 11. Suppose r = 3*u - g, -r + 6 = 3*u + r. List the prime factors of u.
2
Let l = -769 - -1239. Let h be (l/20)/((-1)/(-2)). Suppose h = 3*g - 58. What are the prime factors of g?
5, 7
Let r(s) = -4 - 2 + 4 + 3 + 2*s. Let b be r(1). Let q = b + 16. List the prime factors of q.
19
Let n(v) = -v - 5. Let s be n(-7). Suppose 2*d = 5*d - 54. Suppose -s*o + 102 = d. What are the prime factors of o?
2, 3, 7
Suppose 5*f - 11258 = -4*d, d = 3*f + 5*d - 6750. List the prime factors of f.
2, 7, 23
Let a be ((-15)/25)/(1/5). Let u be (90/8)/(a/8). What are the prime factors of (u/(-50))/(1/45)?
3
Let p(o) = 4*o - 3. Suppose 2*q - 18 = -2*k + 20, k - 2*q = 16. What are the prime factors of p(k)?
3, 23
List the prime factors of -2*(-420 - -1)*(-21)/(-42).
419
Suppose -2*m + 207 = 3*p, -5*p + 311 = 4*m - m. List the prime factors of (4/(-4) - -4) + m.
3, 5, 7
Let p = -2934 - -6719. What are the prime factors of p?
5, 757
Let h(i) = -i - 3. Let t be h(5). List the prime factors of (84/t)/7*-42.
3, 7
Let h(z) be the first derivative of -z**4/4 - 7*z**3/3 - 5*z**2/2 - 20*z + 4. List the prime factors of h(-8).
2, 3, 7
Suppose 27 - 3 = -4*o. Let s = -4 - o. Suppose -5*l + 117 = 4*k, -4*k + 80 + s = -2*l. What are the prime factors of k?
23
Let n(u) = u**3 - 6*u**2 + 9*u - 12. Let w be n(5). What are the prime factors of (-36)/8*23*w/(-6)?
2, 3, 23
Suppose 5*m + 5*o = 2990, -5*o - 431 - 1952 = -4*m. List the prime factors of m.
3, 199
List the prime factors of 4/(14/4 - 3) - -1326.
2, 23, 29
Suppose 0 = 3*l - l - 12. What are the prime factors of 20*l*2/3?
2, 5
Let n(u) = 27*u - 8. Let j be n(4). Suppose 9*m - 4*m = j. What are the prime factors of m?
2, 5
Suppose 117261 = 29*y - 9904. List the prime factors of y.
5, 877
Suppose -11*t = -10610 - 2634. List the prime factors of t.
2, 7, 43
Let b = 206 - -843. List the prime factors of b.
1049
Suppose 3*n + 4 = -5*i, -4*i + 5*n = -6 + 24. Let w = 43 - i. Let g = w - 9. What are the prime factors of g?
2, 3
Let v = -283 + 691. List the prime factors of v.
2, 3, 17
Let x(s) = -11*s**3 - s**2 - s - 2. Suppose -3*l + 2*l + 